{"id":2,"date":"2014-07-10T22:08:48","date_gmt":"2014-07-10T22:08:48","guid":{"rendered":"https:\/\/www.bslocacoescrz.dreamhosters.com\/wp\/?page_id=2"},"modified":"2023-01-05T18:30:21","modified_gmt":"2023-01-05T21:30:21","slug":"sample-page","status":"publish","type":"page","link":"https:\/\/www.bslocacoescruzeiro.com.br\/","title":{"rendered":"Inicio"},"content":{"rendered":"<p>Somos uma empresa especializada\u00a0na<span style=\"color: #444444;\">\u00a0loca\u00e7\u00e3o de Caminh\u00f5es com Bra\u00e7o Hidraulico para os mais variados trabalhos, desde de movimenta\u00e7\u00e3o de cargas a resgastes.<\/span><\/p>\n<p style=\"text-align: center;\"><a href=\"https:\/\/bslocacoescrz.dreamhosters.com\/wp\/wp-content\/uploads\/2023\/01\/WhatsApp-Image-2022-11-25-at-14.17.38.jpeg\"><img loading=\"lazy\" class=\"alignnone  wp-image-90\" src=\"https:\/\/bslocacoescrz.dreamhosters.com\/wp\/wp-content\/uploads\/2023\/01\/WhatsApp-Image-2022-11-25-at-14.17.38-300x169.jpeg\" alt=\"\" width=\"456\" height=\"257\" srcset=\"https:\/\/bslocacoescrz.dreamhosters.com\/wp\/wp-content\/uploads\/2023\/01\/WhatsApp-Image-2022-11-25-at-14.17.38-300x169.jpeg 300w, https:\/\/bslocacoescrz.dreamhosters.com\/wp\/wp-content\/uploads\/2023\/01\/WhatsApp-Image-2022-11-25-at-14.17.38-1024x577.jpeg 1024w, https:\/\/bslocacoescrz.dreamhosters.com\/wp\/wp-content\/uploads\/2023\/01\/WhatsApp-Image-2022-11-25-at-14.17.38-768x432.jpeg 768w, https:\/\/bslocacoescrz.dreamhosters.com\/wp\/wp-content\/uploads\/2023\/01\/WhatsApp-Image-2022-11-25-at-14.17.38-1536x865.jpeg 1536w, https:\/\/bslocacoescrz.dreamhosters.com\/wp\/wp-content\/uploads\/2023\/01\/WhatsApp-Image-2022-11-25-at-14.17.38-660x372.jpeg 660w, https:\/\/bslocacoescrz.dreamhosters.com\/wp\/wp-content\/uploads\/2023\/01\/WhatsApp-Image-2022-11-25-at-14.17.38.jpeg 1600w\" sizes=\"(max-width: 456px) 100vw, 456px\" \/><\/a><\/p>\n","protected":false},"excerpt":{"rendered":"<p>Somos uma empresa especializada\u00a0na\u00a0loca\u00e7\u00e3o de Caminh\u00f5es com Bra\u00e7o Hidraulico para os mais variados trabalhos, desde de movimenta\u00e7\u00e3o de cargas a resgastes.<\/p>\n","protected":false},"author":1,"featured_media":67,"parent":0,"menu_order":0,"comment_status":"closed","ping_status":"open","template":"page-templates\/full-width.php","meta":[],"_links":{"self":[{"href":"https:\/\/www.bslocacoescruzeiro.com.br\/index.php?rest_route=\/wp\/v2\/pages\/2"}],"collection":[{"href":"https:\/\/www.bslocacoescruzeiro.com.br\/index.php?rest_route=\/wp\/v2\/pages"}],"about":[{"href":"https:\/\/www.bslocacoescruzeiro.com.br\/index.php?rest_route=\/wp\/v2\/types\/page"}],"author":[{"embeddable":true,"href":"https:\/\/www.bslocacoescruzeiro.com.br\/index.php?rest_route=\/wp\/v2\/users\/1"}],"replies":[{"embeddable":true,"href":"https:\/\/www.bslocacoescruzeiro.com.br\/index.php?rest_route=%2Fwp%2Fv2%2Fcomments&post=2"}],"version-history":[{"count":9,"href":"https:\/\/www.bslocacoescruzeiro.com.br\/index.php?rest_route=\/wp\/v2\/pages\/2\/revisions"}],"predecessor-version":[{"id":91,"href":"https:\/\/www.bslocacoescruzeiro.com.br\/index.php?rest_route=\/wp\/v2\/pages\/2\/revisions\/91"}],"wp:featuredmedia":[{"embeddable":true,"href":"https:\/\/www.bslocacoescruzeiro.com.br\/index.php?rest_route=\/wp\/v2\/media\/67"}],"wp:attachment":[{"href":"https:\/\/www.bslocacoescruzeiro.com.br\/index.php?rest_route=%2Fwp%2Fv2%2Fmedia&parent=2"}],"curies":[{"name":"wp","href":"https:\/\/api.w.org\/{rel}","templated":true}]}}